3*z - 363, -a*h + 752 = -z. Calculate the greatest common factor of h and 18.
6
Suppose 43*r = 51*r - 120. Suppose 0 = -0*l - l + 105. Calculate the highest common factor of l and r.
15
Let z be 0 - (-6)/(-14) - 1960/(-1372). What is the greatest common divisor of 1231 and z?
1
Suppose 12*s + z - 671 = 14*s, 5*z - 1665 = 5*s. Let v = s + 383. What is the highest common factor of v and 10?
5
Let t(p) = 763*p**2 + 3*p - 3. Let m be t(1). Let v = 1179 - m. Suppose 3*h = h + v. Calculate the greatest common divisor of 26 and h.
26
Suppose 2*v = 0, 4*q - 5*v = 25 - 1. Let x be 81/q*(-4 - 64/(-12)). Let f = 48 + -12. What is the highest common factor of f and x?
18
Suppose 37*c - o = 36*c + 40, 3*o - 100 = -2*c. Suppose 4*h - 1333 = -453. Suppose 22*s = 24*s - h. What is the highest common factor of c and s?
22
Let f = 22817 - 22677. What is the highest common divisor of f and 8470?
70
Suppose -2*p + 25*s + 40 = 23*s, -s = 4. Let x = -84 - -180. Let q = 136 - x. What is the highest common divisor of q and p?
8
Suppose 26 + 160 = 6*y. Suppose 0 = 3*d - 3*v - 21, 2 = 4*d - 3*v - y. Let b = d - -4. Calculate the highest common factor of 128 and b.
16
Let x be 24498/(-153) - 8/(-68). Let k = -154 - x. Let r(z) = -z**3 - 8*z**2 - 8*z - 4. Let d be r(-7). Calculate the highest common factor of k and d.
3
Suppose a + 16 = -a. Let t = a - -18. Suppose -42*m + m + 1230 = 0. Calculate the greatest common factor of t and m.
10
Suppose -9*k = -25*k + 666 + 1574. Calculate the greatest common divisor of k and 460.
20
Let z(s) = -2*s**3 - 2*s**2 - 3*s - 1. Let h be ((-2)/(-6))/(33/(-99)). Let d be z(h). What is the highest common factor of 74 and d?
2
Suppose -2*i - 4*s + 10 = 0, -2*i - 4*s - s + 8 = 0. Suppose i*d - 200 = -d. Let n = -48 + 78. What is the greatest common factor of n and d?
10
Let g be (-87)/58 - (-70)/4. Let d be (-216)/g*20/(-6). What is the highest common divisor of d and 60?
15
Let o = -557 - -677. Suppose 121*s = o*s + 161. What is the highest common divisor of 207 and s?
23
Let p(a) = -20*a + 124. Let t be p(6). Let v(w) = 23*w**2 + w - 3. Let q be v(2). Let c = q + -63. Calculate the greatest common divisor of c and t.
4
Let g(f) = -3*f**2 + 6*f - 19. Let m be g(5). Let b = -56 - m. Let z be (6/3)/2 + 19. What is the highest common factor of b and z?
4
Suppose -28 = -36*v + 29*v. Suppose -v*s + 3192 = k, -2*s - 2*s = -2*k - 3192. What is the highest common divisor of s and 7?
7
Let n = 3322 + -2476. What is the highest common factor of 522 and n?
18
Suppose 3*t - 8*t + 20 = 0. Suppose -1286 - 190 = -t*f. What is the highest common factor of f and 9?
9
Suppose 55*q + v + 1972 = 56*q, -2*q + 3947 = -3*v. What is the highest common factor of q and 11?
11
Suppose 2*p = 3*m + 547, 2*m + 354 = -p + 5*p. Let h = -162 - m. What is the highest common factor of 115 and h?
23
Let q = 11851 - 5936. Calculate the greatest common factor of q and 140.
35
Let h(n) = -n**3 + 20*n**2 + 67*n - 64. Let s be h(22). What is the greatest common factor of s and 85?
17
Let b = -256 - -258. Suppose 2*t - 63 - 191 = -4*i, 5*t + 157 = b*i. What is the greatest common divisor of 6 and i?
6
Let k = 11278 - 10717. Calculate the highest common factor of k and 4675.
187
Suppose -j + 1519 - 1501 = 0. What is the highest common factor of 1407 and j?
3
Let u = 341 + -229. Let x be 6/(0 + (-6)/(-225) + 0). Suppose -x = -15*q - 15. Calculate the greatest common divisor of u and q.
14
Let q(f) = -2*f**3 - 24*f - 50. Let z be q(-5). What is the greatest common factor of 416 and z?
32
Let t(v) = 7*v**2 + 23*v + 110. Let s be t(-4). Let n = 26 + 0. Let u = n + -16. Calculate the greatest common divisor of u and s.
10
Suppose 0 = 9*f - 12*f + 1911. Let n = f + -537. Suppose -4*p + 2*p = -40. Calculate the highest common factor of p and n.
20
Let l(w) = -345*w + 2441. Let f be l(7). Let m be (-130)/4*(-8)/10. What is the highest common factor of m and f?
26
Suppose 14*h - 2130 + 900 = 1822. Calculate the greatest common divisor of 6 and h.
2
Suppose 0 = -5*l - 2*z + 18, -l = 2*z - 1 - 9. Suppose 19 = l*v - 59. Let j be (-14)/91 - (-942)/v. Calculate the highest common divisor of j and 3.
3
Let a be (1*6)/((-2005)/200 + 10). Let t be -3*15/(-18)*a/(-5). What is the greatest common divisor of 300 and t?
60
Suppose 38 - 179 = -3*t. Suppose 2*b = -4*c + 387 + 925, 3*c - 985 = -b. What is the highest common divisor of c and t?
47
Let j be (294*(-2)/(-10))/(21/70). What is the highest common factor of j and 252?
28
Let x be (-9)/2*80/(-12). Let z(u) = u**2 - 29*u + 150. Let w be z(5). What is the highest common divisor of x and w?
30
Let h = 21 + -18. Suppose -h*n + 71 = 194. Let m = 47 + n. What is the highest common factor of m and 96?
6
Let t be (-1)/((-1)/(-2) - 6/4). Let u = -45 + 44. Let f be (-5)/(u/3*3). Calculate the greatest common factor of t and f.
1
Suppose -5439 + 2104 = -2*y + a, 4*y - 6673 = 3*a. Calculate the highest common factor of y and 98.
98
Let x = 871 + -172. Suppose -11*u + x = -786. What is the greatest common divisor of u and 27?
27
Suppose 296 = 122*q - 120*q. What is the greatest common divisor of 4292 and q?
148
Suppose 12*x = 4*x + 24. Suppose 64 = x*h + 2*w + 2*w, -76 = -5*h + w. What is the greatest common divisor of 72 and h?
8
Suppose -8*s + 11*s = 6. Let q be 190 - (-4)/s - (3 - 0). Let u = q + -127. What is the highest common factor of u and 155?
31
Let z(d) = -114*d - 2. Let p be z(-6). What is the highest common divisor of 66 and p?
22
Let n be 2/7 + (-7554)/(-21) + -2 - 2. Calculate the greatest common factor of n and 2225.
89
Let j(b) = 610*b**2 + 9*b + 10. Let n be j(-1). Let d(m) = 8*m**2 + 21*m - 1. Let f be d(-5). What is the highest common factor of f and n?
47
Suppose -q = 2*j - 11, 4*q = 5*j + 218 - 135. Let h be (-18 + -1)/(q/(-17)). Calculate the greatest common factor of h and 4.
1
Let q be (1 - 2)*(-1702)/74. Suppose 0 = q*n - 49*n + 1976. What is the greatest common factor of n and 114?
38
Suppose -332 = -6*s - 56. Suppose -4*k - i = -102, 0*k + s = 2*k + 3*i. Calculate the highest common factor of 481 and k.
13
Suppose 3*t - b - 3*b = 1, 4*b - 41 = -3*t. Suppose 112 + 14 = t*v. Let s = -62 - -188. What is the greatest common factor of v and s?
18
Let d(m) = -m**3 + 39*m**2 + 1772*m + 54. Let s be d(-27). What is the greatest common factor of s and 1971?
27
Suppose 52*y + 33 = 53*y - 4*h, -3 = 3*h. What is the greatest common divisor of y and 87?
29
Suppose 686 + 1767 = 5*u - 3*n, 981 = 2*u - n. Let l(i) = 5*i**2 + 24*i + 142. Let j be l(-5). What is the greatest common divisor of u and j?
49
Suppose 154 = 7*x - 49. Suppose -x*k + 6153 = -3794. Calculate the highest common factor of 98 and k.
49
Suppose -5*w + 4 = 2*k + 6, 2*k - 12 = 2*w. Let d be (k - (7 + -11)) + 10. Calculate the greatest common divisor of d and 135.
9
Let w = -137 - -141. Suppose w*y = 19*y - 585. What is the greatest common factor of 52 and y?
13
Suppose 0 = 5*b - 4*x - 501, -150*b + 147*b = 3*x - 279. Calculate the highest common divisor of 8633 and b.
97
Let o be -1*(-1 - 0)*(19 - -345). Let v = -28 + 56. What is the highest common divisor of o and v?
28
Suppose 2*d - 260 = 3*w - 108, 3*d - 4*w - 231 = 0. Let i = 61 - 26. Calculate the highest common divisor of i and d.
5
Let x = 86 - 50. Let k(a) = 81*a**2 - 1181*a - 348. Let j be k(15). Calculate the greatest common divisor of x and j.
18
Suppose 5*j = 5*n + 95, 0 = 4*j + 4*n - 28 - 8. Suppose -j*r + 15 = -9*r. What is the greatest common factor of r and 102?
3
Suppose 0 = 2*m + 10, -j + 191 = j + 3*m. Let g = j + -7. What is the highest common factor of 432 and g?
48
Let i = -3 + 5. Suppose -2*k + i*m + 78 = 2*k, 2*m = k - 12. Suppose -12*p = p - 286. What is the greatest common factor of k and p?
22
Let b(w) = -9*w**2 + w. Let z be b(1). Let a = 4 - z. Let n = -5122 + 5134. Calculate the greatest common divisor of n and a.
12
Suppose f = -5*y + 120, 44*y + 4*f = 49*y - 95. Suppose -5*x = -2*x - 621. What is the highest common factor of x and y?
23
Suppose 0 = 3*m + 4*c - 5924, 3950 = 17*m - 15*m + 3*c. What is the greatest common divisor of m and 203?
29
Let p(u) = -u**2 - 25*u - 20. Let f be p(-17). Suppose 4*o - 4 = f. Suppose 8*h - 5*h - 18 = 0. Calculate the highest common divisor of o and h.
6
Let x